emainder when 33 is divided by b + (0 - 4) - -22.
16
Let d(q) = q**3 + 7*q**2 + 5*q - 7. Let t be d(-6). Let b be -7*(390/(-35))/t. Let p = b - -91. Calculate the remainder when 127 is divided by p.
10
Let m = 2961 - 2431. Calculate the remainder when m is divided by 69.
47
Let q = -3016 + 4023. Calculate the remainder when q is divided by 28.
27
Let j(i) = 1535*i - 9197. What is the remainder when 283 is divided by j(6)?
10
Let b = -454 + 579. Calculate the remainder when 517 is divided by b.
17
Suppose -6168 = 64*j - 68*j. Let o = j + -1490. Suppose -3*w = -3*c + 36, 5*c - 2*w - 110 + 44 = 0. What is the remainder when o is divided by c?
10
Let o = -61 - -40. Let c = -18 - o. What is the remainder when -2*(c - 51/(-12))*-2 is divided by 15?
14
Let g(b) = -b**2 + 2*b - 26. Let o be g(-5). Let r = 71 + o. Calculate the remainder when 1/3 + 2044/42 is divided by r.
9
Let s(a) = -a**3 - 10*a**2 + 16*a + 47. Let x be s(-11). Calculate the remainder when 45 is divided by 13/(-5) + x/20 - -29.
19
Suppose 0 = -r + 9 - 3. Suppose -160 = -r*k - 58. Let x = -8 - -13. Calculate the remainder when k is divided by x.
2
Suppose -d - 196 = -2*t, 5*t - 2*t + 5*d = 307. What is the remainder when t is divided by ((14/4)/7)/((-1)/(-68))?
31
Calculate the remainder when (-481)/(-1443) - (-7726)/(-6)*(2 + -3) is divided by 19.
15
Suppose 55487 + 123959 = 33*b - 22382. What is the remainder when b is divided by 14?
12
Calculate the remainder when (19 - 2240/(-220))*11 is divided by 284.
37
Let z(n) = -n**3 - n + 14. Suppose -3*d - 318 = 13*d - 22*d. What is the remainder when d is divided by z(0)?
11
Let r(i) = i**2 - 29*i - 615. Calculate the remainder when r(-18) is divided by 43.
16
Suppose c = -5*r + 144, 20*r = 16*r + 3*c + 119. What is the remainder when 374 is divided by r?
26
Let c(i) = -6*i - 30. Suppose -3*n - 83 = 2*n + l, 77 = -5*n + l. Let u be c(n). Suppose -4*z + 102 = -u. What is the remainder when z is divided by 22?
20
Let c(v) = -17*v - 1. Let a be c(-3). Suppose 0 = -3*b - 28 - a. Let s = b - -79. What is the remainder when s is divided by 11?
9
Let n = 39 + 3. Suppose 2*m = 5*a + 73, 0*m = m + 3*a - n. Calculate the remainder when 350 is divided by m.
38
Let c(r) = -r**2 + 53*r - 206. What is the remainder when c(47) is divided by 12 + 7/4 + 27/(-36)?
11
What is the remainder when (-56775)/125*(-95)/57 is divided by 19?
16
Let z be 16/(-6)*(-9)/6. Suppose -i = -4*g - g + 33, -g = -z*i - 18. Suppose -5*j = 32*j + 8*j - 90. Calculate the remainder when g is divided by j.
0
Suppose 2*m + k - 104 = 0, 3*k + 440 = 5*m + 169. What is the remainder when 375 is divided by m?
4
Suppose 141*u - 14848 + 3709 = 0. What is the remainder when 712 is divided by u?
1
Suppose -57*b = -44*b - 2132. Suppose 0 = -5*j - 6*o + 2*o + 205, 0 = 4*j + o - b. Calculate the remainder when 76 is divided by j.
35
Suppose i - 17 = 4*m + 2*i, 4*m + 4*i = -32. Let z(o) = -188*o - 13. Calculate the remainder when z(m) is divided by 37.
33
Suppose p - 39 = -0*p + 2*b, 2*p = -3*b + 92. Let u(x) = -3*x**3 + 146*x**2 - 96*x + 16. What is the remainder when p is divided by u(48)?
11
Let n = 21 - 31. What is the remainder when 74 is divided by (n/(-6))/((-12)/(-108))?
14
Let u(m) = -692*m - 11489. What is the remainder when 530 is divided by u(-17)?
255
Suppose -8*f = -107 - 21. Suppose f = 2*l + 3*u, 4*u = 2*l + u - 40. Calculate the remainder when 207 is divided by l.
11
Let d(r) = -3494*r - 251514. Suppose 518 = 5*n - 0*o + o, -2*o - 108 = -n. What is the remainder when n is divided by d(-72)?
50
Suppose 3*p = -i + 158 + 268, 0 = -i - p + 426. What is the remainder when i is divided by 154?
118
Let n be 39/(-6)*(-2 + -2 + 2). Suppose 2*s + n - 35 = 0. Let v(d) = -d**2 + 14*d - 21. Calculate the remainder when v(s) is divided by 4.
0
Let q = 30239 + -30214. Calculate the remainder when 1012 is divided by q.
12
Let p(r) = r**3 - 7*r**2 - 20*r - 51. Let s be p(-5). Let v = 401 + s. Calculate the remainder when v is divided by 51.
48
Let s be 1 - (-1 - (-3 + 3)). Let p = -110 + 110. Suppose -s*b - 4*r + 92 = 0, p*r - 43 = -b - r. Calculate the remainder when 76 is divided by b.
36
Let k(r) = -6*r**3 + 926*r**2 - 304*r - 93. Calculate the remainder when 1084 is divided by k(154).
38
Let f be (-16)/120 + 4*(-93)/(-90). Suppose -3*z - 5 = f. Calculate the remainder when 67 is divided by (-2*z/(-7))/(51/(-1428)).
19
Let s(u) = 1 - 2*u**2 - 3*u - u**2 + 11*u**2. Let h = 1264 + -1267. What is the remainder when s(h) is divided by 21?
19
Suppose 31 = q + 5*k, -2*k = 4*q - 70 - 0. What is the remainder when 829 is divided by q?
13
Let s be (-65)/(-15) - 3/9. Suppose 7 - 85 = -3*a. Calculate the remainder when (s*36)/2 + 42/14 is divided by a.
23
Let g(i) = -i**2 + 22*i - 12. Suppose 5*n + 30 = f, 0 = -4*f - 2*n - 2*n. Let d be -2 - ((-2)/f + (-452)/20). What is the remainder when 48 is divided by g(d)?
3
Let q(o) = -44*o + 2952. What is the remainder when 186 is divided by q(64)?
50
Let o = 12355 + -12169. Calculate the remainder when 429 is divided by o.
57
Suppose u = -4*u - 3*h - 12, -3*u - 5 = 4*h. Let r be -2 + (u/(-1) - -4)/1. Suppose n - r*n = -44. What is the remainder when 32 is divided by n?
10
Suppose 6 = -r + 2*r. Let c be 13*25 - 3*(-11)/(-33). Suppose -2*d - c = -14*d. What is the remainder when d is divided by r?
3
Let x = -135 + 164. Suppose x = f - k + 6*k, 5*k + 73 = 2*f. What is the remainder when f is divided by 14?
6
Suppose 36 = -13*z + 101. Suppose 0 = -2*s - 6, 0 = -0*u - 3*u - z*s + 102. What is the remainder when u is divided by 11?
6
Suppose -16*v = 13*v - 75 - 2477. What is the remainder when 172 is divided by v?
84
What is the remainder when 88 is divided by (-4)/1 + (-13)/(-1)?
7
Let r(q) = 43*q - 5715. What is the remainder when 297 is divided by r(133)?
1
Suppose -2*g - 6 = -2*o, 4*o + g = -o + 9. Suppose o*d = -5*q + 19, -q - 6 = -3*q. Calculate the remainder when 51 is divided by d.
1
Suppose -2*a - 12 = 0, -26*z + 53*a = -31*z - 133. Let y(j) = -9*j**3 - j**2 - 3*j - 2. What is the remainder when y(-2) is divided by z?
35
Suppose -16*t = -21*t + 255. What is the remainder when 3823 is divided by t?
49
Let t(v) = v**3 + 28*v**2 + 81*v + 5. Let c be t(-24). Let r = -313 + c. Calculate the remainder when 207 is divided by r.
51
Let d = -23363 - -23403. Suppose -4*z = -2*c + 3*c - 40, 4*z = 3*c + 40. Calculate the remainder when d is divided by z.
0
Let x = -2347 + 2488. Calculate the remainder when 913 is divided by x.
67
Suppose -10 = -3*o - f - 3, -3 = -4*o + 5*f. Suppose g + o = 0, -5*g - 105 = 3*h - 695. Calculate the remainder when h is divided by 29.
26
Let u(l) = -l**2 + 8*l + 32. Let d be (-90)/(-6) - (-70)/(-10). Calculate the remainder when u(d) is divided by 17.
15
Suppose 12*b + 24*b + 36 = 0. Let z = 13 + 12. Calculate the remainder when (18*(-33)/6)/b is divided by z.
24
Suppose 6*i = -876 + 924. What is the remainder when 581 is divided by i?
5
Let s = 2 - 14. Calculate the remainder when 123/(-4)*16/s is divided by 22.
19
Suppose o - 110 = -4*o. Let y = 33 - 28. Suppose -18 = -y*k + 2*k. Calculate the remainder when o is divided by k.
4
Let m = -143 + 147. Suppose -2*v + m*l + 700 = 2*v, -2*v - 3*l = -365. What is the remainder when v is divided by 12?
10
Let a = -43 - -88. Let t be 33/12 + (-10)/(-40). Suppose 4*i - t*f - 2*f = 91, 5*f - 5 = 0. Calculate the remainder when a is divided by i.
21
Suppose 0 = -5*z + z, 16940 = 2*g + 3*z. Calculate the remainder when g/99 + (-4)/(-9) is divided by 25.
11
Let w(l) = 15*l - 5*l - 4*l - 4*l - 1 - 5*l**2. Let p be w(1). What is the remainder when 107 is divided by 51/(-68) - 147/p?
35
Let r(o) = 172*o - 3130. What is the remainder when r(21) is divided by 269?
213
Let w = -40 + 41. Let p be 2 - (3 - w - 43). Calculate the remainder when -5 + p + (-9 - -4) is divided by 14.
5
Suppose 22*a - 20*a = -2*c + 122, 4*c - 114 = -2*a. Calculate the remainder when 189 is divided by a.
59
Calculate the remainder when -20*62/(-100)*(-1390)/(-4) is divided by 1432.
13
Calculate the remainder when 54/(-135) + (-724)/(-10) is divided by 4 - (-57 - (5 - 7)).
13
Suppose -u = -0*u - 5*g - 34, -6 = 2*g. Let z be (-420)/(35/7)*2/(-6). Let i(x) = -x**3 + 28*x**2 + 8*x - 18. What is the remainder when i(z) is divided